number?
False
Suppose 4 = -4*h + 20. Let m be 2*(h - (-10)/(-4)). Suppose 5*r + 5*x = 2485, m*r - r = -4*x + 1002. Is r a composite number?
True
Suppose l - 4*x = -15, 46*l - 42*l = 2*x - 4. Is (-766 - l)*39/(-39) prime?
False
Suppose 2*d + 7*d = 33426. Let j = d + -1303. Is j prime?
True
Suppose -2 - 1 = -5*c - 4*v, -3 = -4*c - 3*v. Suppose -3*o - 15 = -c*l, -2*l + 5*o + 13 = -0*l. Suppose l*u - 528 = 860. Is u a composite number?
False
Let g be 2/3*3/(-2) + 2. Let v be (-2 + 8 - 5) + 4/g. Suppose 4*o + 14859 = 3*d + 1636, -3*d = -v*o - 13222. Is d composite?
False
Let f(a) = -a**3 + 6*a**2 - 2*a + 14. Let w be f(6). Suppose 3*d + j = 8, d - j - 2 = -w*j. Suppose -3347 + 482 = -d*i. Is i a composite number?
True
Suppose 6441*c - 1196158 = 6439*c. Is c a composite number?
False
Suppose 24*s = 267424 + 364712. Is s a prime number?
True
Suppose 373*s - 14451610 = -1213467. Is s composite?
False
Is 1784878/1*4/(-18)*189/(-84) composite?
False
Suppose -103*z + 124*z = -1675884 + 10920777. Is z a composite number?
True
Suppose -5*k - 500211 = -2*f, 478988 = 5*f - 7*k - 771534. Is f a prime number?
False
Let k = -49 + 55. Suppose 4*s = -s - 20. Is s/(-6) + -1*(-974)/k a prime number?
True
Let a(y) = -55591*y - 231. Is a(-4) prime?
False
Let i(u) = 2*u**2 - 36*u - 15. Let b be i(19). Suppose 15*k - b*k = -17272. Is k prime?
False
Let c = -51 + 4. Let o = 50 + c. Suppose o*v = -0*i + 2*i + 1341, 0 = v + 2*i - 439. Is v a composite number?
True
Let x = -346 + -542. Suppose -5*s - 94*z + 93*z - 7041 = 0, -5*z = -s - 1429. Let i = x - s. Is i prime?
True
Let b(p) = 49*p + 312. Let o = -170 + 215. Is b(o) a composite number?
True
Is ((-18834580)/(-3914) - (-4)/(-38)) + -1 composite?
True
Let d = -185577 + 468880. Is d prime?
True
Suppose 1656751 = 2*t - 5*z, -t + 778390 = -3*z - 49989. Is t a prime number?
False
Let j(k) = 20*k**2 - 5*k - 32. Let r be j(15). Suppose 12*a = 3155 + r. Is a a composite number?
True
Suppose 15 + 57 = 3*s. Suppose -2*z - 23 = -3*i, 0 = -3*z + 2*i - i - s. Is 1/3*(-18123)/z prime?
True
Suppose -53*x + 52 = -49*x. Let k = x + 45. Is k prime?
False
Let f(k) = -12*k**2 - 26*k + 7. Let q be f(-5). Let i = 3806 + q. Is i a composite number?
False
Suppose -6*f = 25 - 31. Is (-9094)/(2 + -5 + f) a prime number?
True
Suppose 0 = 47*g - 45*g - 24. Let v(n) = n - 8. Let t be v(g). Is (3 + -8 + t)*-1213 a composite number?
False
Suppose 0*h + h = 3*l + 7, 0 = -3*l + 4*h - 1. Is ((-561)/9)/(2 + 7/l) prime?
False
Suppose 153 = -k - 5*y, 77 = -2*k - y - 274. Suppose -i - 153 = 3*d + 155, -d - 116 = 3*i. Let v = d - k. Is v prime?
False
Let s be 11/(198/47860) + (-5)/(-45). Let y = s - -475. Is y a prime number?
False
Let y(z) = z**2 + 3852. Let j be y(0). Let f = j - 1733. Is f composite?
True
Suppose -6*o - 42 = 678. Let y = o + 115. Is (-978)/4*(y - 39/(-9)) composite?
False
Suppose -2*g = -3*p + 8127, 44*p - 13507 = 39*p - 3*g. Is p a composite number?
True
Let h(x) = x**2 + 11*x - 18. Let u be h(-23). Suppose -u - 1998 = 4*a. Let i = 1013 + a. Is i a composite number?
False
Let j = -20 + 23. Suppose -11*i - j*i + 15988 = 0. Is i prime?
False
Let a = 393 - 401. Is 1/((-12)/(-19230)*(-20)/a) a prime number?
True
Let s(c) = c**3 + 3*c**2 - c - 4. Let i be s(-3). Let x be 0/(i*(-4 - -2)). Suppose -4*z + 503 = t - x*t, -2*t + 985 = z. Is t composite?
False
Suppose -5*x - 653478 = -7*x + 4*q, -1306992 = -4*x + 2*q. Is x a prime number?
False
Let b(m) = -7*m**3 - 16*m**2 + 28*m + 34. Is b(-15) a composite number?
True
Suppose -3*g = 15*z - 11*z - 212251, -5*z + 265320 = 5*g. Is z prime?
False
Let p(i) = 17*i**2 + 65*i + 79. Is p(16) composite?
False
Let l(r) = -137*r**3 - 7*r**2 - 20*r - 9. Is l(-8) a prime number?
True
Is (-1431420)/45*63/(-14) + 7 composite?
True
Suppose 4*v - 7*v = 4*f - 17367, -3*f = 3*v - 13029. Suppose -2*b + 2*n = -0*b - f, -5*n = -4*b + 8671. Is b a prime number?
False
Let i(o) = 0 - 9*o**2 + 3 + 8*o**2 - 34*o. Is i(-26) a composite number?
False
Suppose -177 = 4*b - s, 5*s + 204 = -4*b + 57. Let j = 47 + b. Let q(u) = 29*u**3 + u**2 + 8*u - 1. Is q(j) prime?
False
Suppose 2*r - 1890691 = 5*b - 8*b, -2*b + 4*r = -1260450. Is b prime?
True
Let f = 47 + -36. Let x(l) = -150*l + 453*l + f - 65*l. Is x(5) prime?
True
Suppose -d + 195 = -2*d. Suppose 17753 = 115*o - 27557. Let s = d + o. Is s a prime number?
True
Let g = 35914 + 41503. Is g prime?
True
Let n = 3237 - 2266. Suppose n = 4*i - 3297. Is i a composite number?
True
Is (-8 - (-6602510)/(-60))*-6 prime?
True
Let z(t) = -2*t + 21. Let w(y) = 10*y - 106. Let i = -37 - -48. Let h(a) = i*z(a) + 2*w(a). Is h(-7) composite?
True
Let m be 24*(5/10)/(4/6). Suppose -5*a + m = -r, 6*a - 12 = a - r. Suppose 4*o = 3*p + 7391, -951 = a*o - 3*p - 6495. Is o composite?
False
Let j(i) = -23*i**3 - 37*i**2 + 2*i + 4. Let s be j(-7). Is s/135*235 - (-1)/(-3) a composite number?
False
Let o(b) = -2*b**3 + b**2 + 5*b + 8. Let r be o(-2). Suppose r*h - 7*h - 737 = 0. Is h composite?
False
Let q(s) be the first derivative of -3*s**2 - 31*s - 14. Let t be q(-6). Is (25/t)/(-5)*-1259 prime?
True
Let a be (-2)/(-9) - 3/(135/(-80)). Suppose a*m = -k + 64645, 9*m - 2*k + 96969 = 12*m. Is m a composite number?
False
Let g = -133 + 129. Is ((-46210)/g)/5*2 prime?
True
Suppose 0 = 12*u + 221 - 14549. Suppose 0*y = -y. Suppose y = -7*n + n + u. Is n composite?
False
Suppose 0 = 28*x + 35*x - 11530449. Is x a composite number?
False
Is (115/40)/23*2115896 prime?
True
Let v(l) = -288*l + 63. Let w be v(-10). Let j = 4916 - w. Is j prime?
True
Suppose 3*n - 5*o - 11 = 23, 0 = 5*n + 2*o - 5. Suppose 0 = 2*s - n*m + 23, -4*s - 4*m - 11 = 25. Let g = 81 - s. Is g composite?
True
Suppose 10*q - 6*q - 8 = 0. Let n(t) = 23*t - t**2 - 19*t + 0*t**q + 4*t**2 - 5. Is n(2) prime?
False
Is (-2994112540)/(-6380) + 4/11 a prime number?
False
Suppose -13050 = -15*q - 0*q. Let p = q - 596. Is p a composite number?
True
Suppose -4737202 - 3552499 = -36*u - 1940633. Is u composite?
True
Suppose -y + 2*o + 13 = -5, 0 = -y - 2*o + 6. Suppose -68665 = -y*n - 25693. Is n composite?
False
Let r = 8370 - -9671. Suppose 7*o + a - 72215 = 3*o, -o = -4*a - r. Is o a composite number?
True
Let n = 656 - -19631. Is n a prime number?
True
Let n(p) = 7*p**2 + 2*p - 4. Let a be n(3). Let w = a + -67. Is -10*(21/w - 4 - -3) a prime number?
False
Let h(j) = -2*j**3 - 8*j**2 - 10*j. Suppose 0 = 20*z - 19*z + 4. Let y be h(z). Let l = 77 - y. Is l a composite number?
False
Suppose 4*h + 5*l - 257957 = 0, -3*h - 5*l = -h - 128991. Is h a composite number?
False
Suppose 0 = -g - 4*g + 180. Let u = 40 - g. Suppose 5*w - 145 = u*w. Is w a composite number?
True
Let p(n) = -11*n - 5*n + 10*n + 2 + 1102*n**2. Let i be p(-2). Suppose 0*a + i = 6*a. Is a prime?
False
Suppose 421*h + 576329 = 464*h. Is h a prime number?
False
Is 523/(24 - 11 - 12) prime?
True
Let m(i) = -2*i**3 + 44*i**2 - 78*i - 37. Let l be m(20). Suppose 2*y - 11630 = -l*d, 2*d + 101 = 4*y - 23159. Is y composite?
True
Let u = 27 - 38. Let d = u + 15. Suppose i - 467 = 4*m, 2251 = 5*i - 3*m + d*m. Is i a composite number?
True
Let j be (-6)/(-21) + 338/91. Let m(z) = -3*z + 18. Let w be m(8). Is (w/j)/((-2)/1996) prime?
False
Let s be 6/(-24) - 26/(-8). Suppose -15 = -s*f - 3. Suppose 446 - 1962 = -f*x. Is x a prime number?
True
Suppose 0 = -4*p + 152 + 124. Let a be (10235/(-92))/(1/(-4)). Let n = p + a. Is n prime?
False
Let w(j) = 23*j + 7. Let r be (2*3/4)/(1/26). Suppose 0 = -5*t - 9 + r. Is w(t) a composite number?
True
Is (-1)/((-3)/5 + (-5652560)/(-9421600)) a prime number?
False
Suppose 2*d = -5*t + 41, 3*t + 61 = 4*d + 6*t. Suppose 0 = -3*h - d*h + 4208. Is h a prime number?
True
Let j(v) be the first derivative of 457*v**4/2 + v**3/3 - 3*v**2/2 + 5*v - 143. Is j(3) composite?
False
Let i = 94695 + -54742. Is i a prime number?
True
Suppose 0 = -7*p - 119993 + 698326. Is p composite?
False
Suppose 4*c - 8*h - 1449308 = 0, 5*h - 724708 = 2*c - 4*c. Is c a prime number?
True
Suppose -t - 4*j + 755 = -8*j, -3*t - j = -2291. Let n be 131 + (2 - 1) + -2. Let o = t - n. Is o prime?
False
Let c(w) = w**3 - 32*w**2 + 28*w + 97. Let v be c(31). Suppose v*j = -3*j + 2093. Is j a composite number?
True
Let d = 53 - -326. Suppose -4*i = 4*b - 2445 - d, -i + b = -714. Sup